2)/(-18) + t/(-18)?
1
Suppose -2388 - 5137 = -35*a. Suppose a*i + 132 = 217*i. What is the units digit of i?
6
Suppose 3 = 2*y - 7. Suppose 0*s + w = 2*s - y, -4*w = -4. Suppose s*a = -a + 16. What is the units digit of a?
4
Let f be (6 - 5)/((-3)/(-24)). Let n be (33/(-9))/(-1) - f/12. Suppose -q - n = -9. What is the units digit of q?
6
What is the thousands digit of 8*-1 - ((11 - 12) + -5113)?
5
Suppose -6*u - 15*u + 637491 = -110403. What is the thousands digit of u?
5
Let y be 6/((-7)/(-28) + (-10)/(-8)). Suppose 63 - 3 = y*c. Let b(j) = 2*j**2 - 19*j - 24. What is the units digit of b(c)?
1
Let z = 445 + -187. Let u be ((-18)/4 - -2)/((-73)/5256). Let i = z - u. What is the units digit of i?
8
Let y = 3192 - -29744. What is the hundreds digit of y?
9
Let w(p) = 5*p**3 + p**2 + 4*p + 4. Let u be (-3)/21 + (-36)/42. Let o be w(u). What is the tens digit of o/16 - 3385/(-20)?
6
Suppose 9495 = q + 925. What is the units digit of q?
0
Let h = -1422 + 2915. Let y = h - 1049. What is the tens digit of y?
4
Suppose 0 = 40*b - 212926 + 30846. What is the thousands digit of -5*(b/(-10))/2?
1
Let s = -446 + 468. Let r(j) = 29*j + 125. What is the units digit of r(s)?
3
Suppose -2*a + 4*n = 12, -4*a + 3*n = -5*a + 4. Let g be (1 - (4 + a + -37)) + -2. Suppose 4*y - g = 3*y. What is the units digit of y?
4
Suppose 0 = -11*w + 7*w - 4*y + 26248, 6*y - 32805 = -5*w. What is the tens digit of w?
6
Let c = 15744 - 13733. What is the hundreds digit of c?
0
Let h(d) = -70*d**3 + 10*d**2 - 9*d - 3. Let c be h(-5). Suppose 2 = -16*j + c. What is the tens digit of j?
6
Let s be (-9)/(-15) - (-22)/5. Suppose q = -s*k + 466, -2*q - 5*k + 938 = -k. What is the tens digit of q?
7
Suppose -2*h - 93*h + 1160093 = -4279702. What is the units digit of h?
1
Suppose 5*c + x + 40 = -5, 4*c + 60 = 4*x. What is the units digit of c/30 + 38889/27?
0
Let h be 0 - 3 - (-5)/(45/18). What is the units digit of (-33)/99 - h/((-6)/(-4196))?
9
Let c(p) = 7*p - 309. Let n be c(45). Suppose -1663 = -n*s - 61. What is the hundreds digit of s?
2
Let t = -17194 - -31722. What is the hundreds digit of t?
5
Suppose -3*g + 14 + 11 = -4*a, 2*g + 4*a = -10. Let l(u) = 33*u**3 + 2*u - 22. What is the units digit of l(g)?
5
Suppose -325939 - 158052 = 154*c - 3285251. What is the tens digit of c?
9
Suppose -14592 = -891*t + 1763*t - 891*t. What is the units digit of t?
8
Let n(u) = -6*u + 21. Let s be n(6). Let q = s + 21. Suppose g - q*g + 105 = 0. What is the units digit of g?
1
Suppose 9*g = -20 + 56. Suppose 4*s + g*h - 577 - 675 = 0, -2*s - 5*h + 629 = 0. What is the tens digit of s?
1
Let l(c) be the second derivative of c**4/12 + 2*c**3/3 + 5*c**2/2 + c. Let y be l(-4). What is the tens digit of (0 - 1/(-5)) + 334/y?
6
Let x = -3483 + 6731. Suppose 4*b = -10*b + x. What is the units digit of b?
2
Let q = 40300 - 16063. What is the tens digit of q?
3
What is the tens digit of 8/20*(-210)/8*-1142?
9
Let s(b) = -43*b**2 - 5*b + 6. Let r be s(2). Let f = r + 470. What is the hundreds digit of f?
2
Suppose -3 = 6*y - 7*y. Suppose 2*r - 382 = y*g, -3*g - 16 = -7*g. What is the tens digit of r?
9
Suppose -y - 2*a = 2*y - 3, -4*a + 14 = -2*y. Let v be (y + 1)*(-5)/5 - 1. What is the tens digit of v - -3 - -6*2?
1
Suppose -5*g - 2*n = n - 146235, -3*g - n + 87737 = 0. What is the units digit of g?
4
Let v(p) = p**2 - 75*p + 150. What is the tens digit of v(-49)?
2
Let u = 12937 - 412. What is the ten thousands digit of u?
1
Let o(c) = 1700*c**3 + 9*c**2 + 6*c + 6. Let d(r) = -1701*r**3 - 7*r**2 - 5*r - 5. Let k(x) = -5*d(x) - 4*o(x). What is the units digit of k(1)?
6
Suppose -242220 = -38*k - 1072. What is the hundreds digit of k?
3
Suppose 4*d + l + 86 - 14 = 0, 0 = 2*d - 5*l + 58. Let a(y) = 8*y - 51. Let x(f) = f. Let p(o) = -a(o) + x(o). What is the units digit of p(d)?
4
What is the hundreds digit of (-192)/(-36)*(-48456)/(-32)?
0
Suppose 4*w - b = 16453, 2*w + 0*b = 2*b + 8234. What is the units digit of ((-38)/(-152))/(2/w)?
4
Suppose 0 = -4*i - 4*x + 252, x + 3 = 4*x. Let j = -49 + i. Suppose j*p - 4*p = 207. What is the units digit of p?
3
Let f(x) = -3*x - 10. Let p(r) = r - 1. Let w(d) = 3*f(d) - 12*p(d). Let l(m) = -38*m + 178. Let s be l(5). What is the tens digit of w(s)?
3
Suppose w + c = 2091, -3*w + c + 7080 = 815. What is the tens digit of w?
8
Suppose 0 = -3*w + 9800 + 6043. What is the hundreds digit of w?
2
Let z = -99 + 228. Suppose 2*q - 95 - z = 0. Suppose -q = -d + 110. What is the tens digit of d?
2
Let k be (1/(-1) + -161)*72/(-16). Suppose 14*y - 209 = k. What is the tens digit of y?
6
Let c(t) = 2041*t**2 - 9*t - 6. What is the thousands digit of c(-2)?
8
Let u = 3240 + 5480. What is the hundreds digit of u?
7
Let a(j) = 4*j + 83. Let m be a(5). Suppose o = -h + m, -4*h - o = 4*o - 416. What is the tens digit of h?
9
Let c(b) = 147*b + 54*b - 4*b. What is the units digit of c(2)?
4
Suppose -3*a - 2 = -59. Suppose 20*y - a*y = 151. What is the hundreds digit of y?
1
Let d(n) = 32 + 5*n - 12 - 3*n + 32. Let z be d(-16). Suppose -3*k = 3*v - 51, -3*k = -v - 27 - z. What is the tens digit of k?
1
Let i(p) = -13*p**3 + 9*p**2 + 17*p - 14. What is the hundreds digit of i(-8)?
0
Let t(k) be the third derivative of 25*k**4/6 + 41*k**3/6 - 2*k**2 - 28*k. What is the units digit of t(2)?
1
Let u = 549 - -1750. What is the units digit of u?
9
Suppose -6*f + 15208 = 2*f. Suppose 2*y = -715 + f. What is the units digit of y?
3
Suppose -3*d - 15 + 107 = l, 0 = -d - 3*l + 36. Suppose 8*j = 2 + d. Suppose 0 = -2*k - j*s + 6, 4*k + s - 42 = -s. What is the units digit of k?
3
Let n(s) = 86*s + 10. Let p be n(5). Let i be p/(-66)*(-24)/5. Suppose -z = -0*z - i. What is the units digit of z?
2
Let h = -43 + 59. Let d(i) = -3*i**2 - h + 4*i**2 - 7*i + 21*i. What is the units digit of d(-16)?
6
Suppose -64*d - 44*d = -5256144. What is the ten thousands digit of d?
4
Let u(w) = -148*w**2 - 1. Let f be u(1). Suppose 65*m - 70*m + 2*k - 167 = 0, -m - 43 = 2*k. Let o = m - f. What is the tens digit of o?
1
What is the thousands digit of -2*6/28 - ((-18253122)/(-161))/(-29)?
3
Suppose -312495 + 124503 = -45*n + 36*n. What is the tens digit of n?
8
What is the ten thousands digit of 43703 + (-9 - -18) + -9?
4
Suppose -k = 44*k - 447885. What is the hundreds digit of k?
9
Let i(j) = j + 610. Let y be i(0). Suppose -4*u = 2*z - 1188, 3*z = 4*u - 2*u - y. Suppose 5*n + 3*b - u = 162, 2*b = 2*n - 178. What is the tens digit of n?
9
Let r = -7 + 2. Let n be (80/6)/r - (-2)/(-6). Let l(k) = -44*k - 25. What is the tens digit of l(n)?
0
Let m(b) = 3*b**2 - 12*b - 7. Let r be m(18). Suppose r = 5*h + 2*v, 4*h - 4*v + v = 590. What is the hundreds digit of h?
1
Let y(x) = 4*x**2 + 1260. What is the hundreds digit of y(45)?
3
What is the hundreds digit of ((-184751)/(-21) - -7)*(1 + (-7)/(-14))?
2
Let f be (24 - 26)/((-10)/15). Let v(y) = 3*y - 4. Let w be v(3). Suppose 0 = w*m + f*p - 419, -5*p = -4*m + 247 + 103. What is the tens digit of m?
8
Suppose 14*r = 4*r + 240. What is the tens digit of r + 0 + -8 + -6?
1
Let y = -30913 + 44209. What is the thousands digit of y?
3
Let s be (-8870)/(-26) - 2/13. Suppose 5*x + s = v, -3*x + 6*x = -3*v - 201. What is the tens digit of 13 + -9 - (x + 1)?
7
What is the thousands digit of ((-9408)/72 - -4)*1026/(-4)?
2
Let m = -349 - 28. Let w = -291 - m. What is the units digit of w?
6
Let t = 11119 + -1578. What is the tens digit of t?
4
Let r be -2 + -3 + 6 + -1. Suppose 0 = -3*m + j + 5205, r = 3*m + m + 3*j - 6940. What is the tens digit of m?
3
Let i be -3 - 1*(0 + 2). Let c = i - -45. Suppose z - c - 75 = 0. What is the tens digit of z?
1
Let a(b) = -b**3 + 22*b**2 - 7*b - 53. Let t be a(22). Let q = t + 340. What is the tens digit of q?
3
Suppose -5*y = 45, 10177 = -3*m - 5*y + 159667. What is the ten thousands digit of m?
4
Suppose -6*i + 48805 - 11052 = -254843. What is the hundreds digit of i?
7
Suppose 67*j - 520150 = 753409 + 1082161. What is the hundreds digit of j?
1
Let o = 4823 + 1927. What is the tens digit of o?
5
Let q = -14 + 12. Let v be q*(-2)/(-18) + 988/234. Suppose 5*b = -5*m + 555, m = -2*m - v*b + 337. What is the units digit of m?
7
Suppose -5*q - 671 = -4*x - 8*q, -q = 4*x - 661. Suppose -5*t + 133 = 3*b, 0*b + x = 4*b + 4*t. Sup